05619 a multiple of 134?
False
Is 2475624 a multiple of 152?
True
Does 12 divide 199836?
True
Is 159947 a multiple of 248?
False
Is 488310 a multiple of 12?
False
Is 64704 a multiple of 3?
True
Is 16 a factor of 110080?
True
Is 965592 a multiple of 116?
False
Is 2943739 a multiple of 104?
False
Does 579 divide 1425300?
False
Is 1014912 a multiple of 64?
True
Does 72 divide 83088?
True
Is 67 a factor of 69613?
True
Does 62 divide 12710?
True
Is 140488 a multiple of 18?
False
Is 725448 a multiple of 11?
False
Does 114 divide 15545040?
True
Does 223 divide 1075529?
True
Is 4030 a multiple of 10?
True
Does 136 divide 194247?
False
Does 3 divide 94763?
False
Is 20 a factor of 5200?
True
Does 14 divide 1625601?
False
Is 22 a factor of 3610574?
True
Does 78 divide 785109?
False
Is 6 a factor of 43818?
True
Is 718 a factor of 5647070?
True
Does 144 divide 9538008?
False
Is 2698 a multiple of 142?
True
Is 17764050 a multiple of 108?
False
Does 16 divide 1130384?
True
Is 8 a factor of 9929192?
True
Does 28 divide 1593480?
True
Does 44 divide 143500?
False
Does 37 divide 56240?
True
Does 13 divide 615679?
False
Is 386 a factor of 4935396?
True
Does 96 divide 72480?
True
Does 413 divide 980877?
False
Is 1049680 a multiple of 40?
True
Is 85020 a multiple of 13?
True
Is 141911 a multiple of 133?
True
Is 4579624 a multiple of 14?
True
Does 15 divide 14047249?
False
Does 147 divide 4058082?
True
Does 5 divide 59230?
True
Is 37 a factor of 758204?
True
Does 172 divide 2004144?
True
Does 8 divide 43988?
False
Is 1967697 a multiple of 933?
True
Is 2 a factor of 143153?
False
Is 38 a factor of 693348?
True
Is 21 a factor of 2519421?
False
Does 2 divide 3675?
False
Is 3829815 a multiple of 481?
False
Is 108342 a multiple of 926?
True
Is 131576 a multiple of 34?
False
Does 65 divide 31756831?
False
Is 116004 a multiple of 14?
True
Is 22 a factor of 249913?
False
Does 136 divide 8906816?
False
Is 1177593 a multiple of 201?
False
Is 1080460 a multiple of 7?
False
Is 417620 a multiple of 628?
True
Is 5 a factor of 24535?
True
Is 15 a factor of 30387?
False
Is 147 a factor of 55272?
True
Does 51 divide 221391?
True
Is 36503 even?
False
Is 1069374 a multiple of 79?
False
Is 3 a factor of 347562?
True
Is 90 a factor of 499950?
True
Is 24 a factor of 127375?
False
Does 57 divide 1043943?
False
Does 26 divide 138164?
True
Is 10304788 a multiple of 93?
False
Is 123200 a multiple of 160?
True
Does 144 divide 108432?
True
Is 62756 a multiple of 25?
False
Is 531328 a multiple of 593?
True
Is 30 a factor of 77970?
True
Does 15 divide 1263915?
True
Does 531 divide 1888965?
False
Does 5 divide 1236197?
False
Is 739 a factor of 872294?
False
Is 23241 a multiple of 127?
True
Does 130 divide 185472?
False
Does 188 divide 15645?
False
Is 49133 a multiple of 4?
False
Is 517 a factor of 4185115?
True
Does 744 divide 636864?
True
Does 16 divide 11165?
False
Does 1225 divide 4194864?
False
Does 3 divide 93465?
True
Does 22 divide 366825?
False
Does 70 divide 332430?
True
Is 3560 a multiple of 20?
True
Does 11 divide 574343?
True
Is 351554 a multiple of 7?
True
Does 11 divide 111639?
True
Is 355542 a multiple of 6?
True
Is 3 a factor of 2027934?
True
Does 561 divide 633930?
True
Is 494038 a multiple of 10?
False
Does 89 divide 3014935?
False
Is 73 a factor of 577317?
False
Is 15 a factor of 2262720?
True
Is 1036175 a multiple of 6?
False
Is 8 a factor of 5952?
True
Is 7 a factor of 333?
False
Does 250 divide 122500?
True
Is 76 a factor of 39976?
True
Is 10 a factor of 12256812?
False
Is 85782 a multiple of 87?
True
Does 29 divide 4306348?
False
Does 73 divide 739125?
True
Is 90473 a multiple of 51?
False
Does 66 divide 136356?
True
Is 656484 a multiple of 4?
True
Is 1506499 a multiple of 22?
False
Is 772 a factor of 33196?
True
Is 4642684 a multiple of 53?
False
Is 57 a factor of 173429?
False
Is 50 a factor of 1979800?
True
Does 71 divide 152921?
False
Is 15045 a multiple of 12?
False
Is 33 a factor of 2085105?
True
Is 7 a factor of 6911403?
False
Is 432 a factor of 4371408?
True
Is 67 a factor of 15688385?
True
Does 75 divide 387600?
True
Does 63 divide 39490?
False
Does 31 divide 1826372?
False
Is 16 a factor of 1644576?
True
Is 912925 a multiple of 4?
False
Is 29034 a multiple of 9?
True
Is 294092 a multiple of 27?
False
Is 181 a factor of 7272526?
False
Is 4 a factor of 42736?
True
Is 145 a factor of 1911390?
True
Does 195 divide 541719?
False
Does 70 divide 18896539?
False
Does 11 divide 82397?
False
Does 8 divide 493064?
True
Is 6 a factor of 56598?
True
Is 12 a factor of 392928?
True
Does 55 divide 319304?
False
Is 4681370 a multiple of 27?
False
Is 245280 a multiple of 40?
True
Does 10 divide 364783?
False
Is 2 a factor of 6908?
True
Is 196 a factor of 2246788?
False
Does 156 divide 365508?
True
Is 16580980 a multiple of 65?
True
Is 45 a factor of 85714?
False
Does 1454 divide 27308984?
False
Is 38139 a multiple of 8?
False
Does 139 divide 277137?
False
Is 38 a factor of 207969?
False
Is 43 a factor of 6006799?
True
Does 9 divide 267389?
False
Is 734 a factor of 9385658?
True
Does 83 divide 453509?
False
Is 11 a factor of 20554?
False
Is 409025 a multiple of 3?
False
Is 39 a factor of 637845?
True
Does 131 divide 410541?
False
Is 121 a factor of 119185?
True
Does 52 divide 10876085?
False
Is 57 a factor of 3387510?
True
Is 33987408 a multiple of 31?
True
Is 4 a factor of 140156?
True
Is 26985 a multiple of 5?
True
Does 48 divide 212005?
False
Is 8626 a multiple of 35?
False
Does 13 divide 11205336?
False
Does 65 divide 176172?
False
Does 5 divide 22910?
True
Is 46 a factor of 1029678?
False
Does 79 divide 2982408?
True
Is 441 a factor of 478485?
True
Does 40 divide 1569309?
False
Is 1129440 a multiple of 48?
True
Does 9 divide 1400319?
True
Does 93 divide 198090?
True
Is 2278558 a multiple of 490?
False
Does 11 divide 1578313?
True
Does 101 divide 142306?
False
Is 187584 a multiple of 25?
False
Is 315 a factor of 1612800?
True
Does 82 divide 8946443?
False
Does 3 divide 384?
True
Is 196 a factor of 20736996?
True
Is 6898100 a multiple of 441?
False
Does 131 divide 1055501?
False
Does 120 divide 775527?
False
Does 368 divide 1688470?
False
Is 1661640 a multiple of 454?
True
Is 8 a factor of 4192537?
False
Is 4915 a multiple of 19?
False
Is 149695 a multiple of 13?
True
Does 175 divide 98796?
False
Does 243 divide 279952?
False
Is 2752295 a multiple of 299?
True
Is 114 a factor of 403244?
False
Does 9 divide 702617?
False
Is 134 a factor of 4529973?
False
Is 5670 a multiple of 7?
True
Is 100595 a multiple of 11?
True
Does 644 divide 3576776?
True
Does 317 divide 2163208?
True
Is 17 a factor of 45038?
False
Does 352 divide 3255525?
False
Is 15 a factor of 801315?
True
Is 523 a factor of 7016942?
False
Is 15301990 a multiple of 22?
True
Is 876 a factor of 140160?
True
Does 135 divide 7343751?
False
Is 2163460 a multiple of 13?
True
Is 28860 a multiple of 39?
True
Does 77 divide 7380721?
False
Is 2428 a factor of 10471964?
True
Is 77062 a multiple of 106?
True
Is 155520 a multiple of 20?
True
Does 23 divide 128405?
False
Does 118 divide 54699?
False
Is 229993 a multiple of 163?
True
Is 2443419 a multiple of 33?
True
Is 1155 a factor of 7047354?
False
Does 72 divide 871659?
False
Is 18837 a multiple of 161?
True
Does 50 divide 17459?
False
Is 23 a factor of 6697113?
False
Does 53 divide 1455910?
True
Does 282 divide 116184?
True
Is 13371779 a multiple of 41?
False
Is 21 a factor of 721593?
False
Is 39 a factor of 223002?
True
Is 999 a factor of 12256829?
False
Is 1839503 a multiple of 309?
False
Does 95 divide 789692?
False
Is 452160 a multiple of 15?
True
Is 2192418 a multiple of 35?
False
Is 3808920 a multiple of 57?
False
Is 247 a factor of 424346?
True
Is 223496 a multiple of 5?
False
Is 16 a factor of 5142864?
True
Is 47 a factor of 8893836?
False
Does 149 divide 466221?
True
Does 31 divide 186935?
False
Does 66 divide 198929?
False
Does 164 divide 435092?
True
Is 19 a factor of 739861?
False
Is 1129488 a multiple of 110?
False
Does 96 divide 151014?
False
Is 523 a factor of 335243?
True
Is 35 a factor of 592285?
False
Does 48 divide 36384?
True
Is 13 a factor of 4383487?
False
Is 59 a factor of 23777?
True
Does 9 divide 40162?
False
Does 27 divide 7419360?
False
Does 10 divi